{"id":1445,"date":"2021-12-13T08:57:24","date_gmt":"2021-12-13T08:57:24","guid":{"rendered":"https:\/\/kadence.pixel-show.com\/wooden-craft\/?page_id=13"},"modified":"2025-10-18T14:53:59","modified_gmt":"2025-10-18T13:53:59","slug":"home","status":"publish","type":"page","link":"https:\/\/www.barbetjoyeux.nl\/","title":{"rendered":"Home"},"content":{"rendered":"<style>.kadence-column1445_4f56b9-28 > .kt-inside-inner-col{padding-top:7%;padding-right:10%;padding-left:10%;}.kadence-column1445_4f56b9-28 > .kt-inside-inner-col{min-height:450px;}.kadence-column1445_4f56b9-28 > .kt-inside-inner-col,.kadence-column1445_4f56b9-28 > .kt-inside-inner-col:before{border-top-left-radius:0px;border-top-right-radius:0px;border-bottom-right-radius:0px;border-bottom-left-radius:0px;}.kadence-column1445_4f56b9-28 > .kt-inside-inner-col{column-gap:var(--global-kb-gap-sm, 1rem);}.kadence-column1445_4f56b9-28 > .kt-inside-inner-col{flex-direction:column;}.kadence-column1445_4f56b9-28 > .kt-inside-inner-col > .aligncenter{width:100%;}.kadence-column1445_4f56b9-28 > .kt-inside-inner-col{background-color:#583752;background-image:url('https:\/\/www.barbetjoyeux.nl\/wp-content\/uploads\/2022\/05\/amber_header-1.png');background-size:cover;background-position:50% 50%;background-attachment:fixed;background-repeat:no-repeat;}.kadence-column1445_4f56b9-28 > .kt-inside-inner-col:before{background-image:linear-gradient(0deg,rgb(247,250,252) 0%,rgba(247,250,252,0) 17%);}.kadence-column1445_4f56b9-28:hover > .kt-inside-inner-col:before{opacity:1;}.kadence-column1445_4f56b9-28{text-align:left;}.kadence-column1445_4f56b9-28{position:relative;}.kadence-column1445_4f56b9-28, .kt-inside-inner-col > .kadence-column1445_4f56b9-28:not(.specificity){margin-bottom:4%;}@media all and (max-width: 1024px), only screen and (min-device-width: 1024px) and (max-device-width: 1366px) and (-webkit-min-device-pixel-ratio: 2) and (hover: none){.kadence-column1445_4f56b9-28 > .kt-inside-inner-col{background-attachment:scroll;}}@media all and (max-width: 1024px){.kadence-column1445_4f56b9-28 > .kt-inside-inner-col{flex-direction:column;justify-content:center;}}@media all and (max-width: 767px){.kadence-column1445_4f56b9-28 > .kt-inside-inner-col{flex-direction:column;justify-content:center;}}<\/style>\n<header class=\"wp-block-kadence-column kadence-column1445_4f56b9-28 kb-section-has-overlay inner-column-1\"><div class=\"kt-inside-inner-col\">\n<h1 class=\"wp-block-heading has-theme-palette-9-color has-text-color\" style=\"font-size:5em\">Barbet Joyeux<\/h1>\n\n\n\n<p class=\"has-theme-palette-9-color has-text-color\" style=\"font-size:2em\">Barbetkennel van Lenie Robijn<\/p>\n<\/div><\/header>\n\n\n<style>.kadence-column1445_9b0259-f1 > .kt-inside-inner-col{padding-right:0%;padding-left:0%;}.kadence-column1445_9b0259-f1 > .kt-inside-inner-col,.kadence-column1445_9b0259-f1 > .kt-inside-inner-col:before{border-top-left-radius:0px;border-top-right-radius:0px;border-bottom-right-radius:0px;border-bottom-left-radius:0px;}.kadence-column1445_9b0259-f1 > .kt-inside-inner-col{column-gap:var(--global-kb-gap-sm, 1rem);}.kadence-column1445_9b0259-f1 > .kt-inside-inner-col{flex-direction:column;}.kadence-column1445_9b0259-f1 > .kt-inside-inner-col > .aligncenter{width:100%;}.kadence-column1445_9b0259-f1 > .kt-inside-inner-col:before{opacity:0.3;}.kadence-column1445_9b0259-f1{text-align:left;}.kadence-column1445_9b0259-f1{position:relative;}.kadence-column1445_9b0259-f1, .kt-inside-inner-col > .kadence-column1445_9b0259-f1:not(.specificity){margin-right:10%;margin-bottom:5%;margin-left:10%;}@media all and (max-width: 1024px){.kadence-column1445_9b0259-f1 > .kt-inside-inner-col{flex-direction:column;justify-content:center;}}@media all and (max-width: 767px){.kadence-column1445_9b0259-f1 > .kt-inside-inner-col{flex-direction:column;justify-content:center;}}<\/style>\n<div class=\"wp-block-kadence-column kadence-column1445_9b0259-f1 inner-column-1\"><div class=\"kt-inside-inner-col\">\n<p>Soms heb je een onverwachte vraag nodig om je leven een andere wending te geven. Dat was in mijn geval de vraag: &#8216;Heb je een hond? Dan kun je lekker gaan wandelen en naar buiten gaan.&#8217; Ik had vanwege mijn allergie nog nooit een hond gehad, maar zag het wel zitten. Allereerst ben ik mij gaan verdiepen in de vraag welk ras bij mij zou passen en kwam uit bij een Australian Labradoodle. De eerste Doodle (Chance, 2008) kwam uit Amerika, uit Oregon. Een grote, lieve knuffelbeer. Daarna werd mijn roedel uitgebreid met nog twee Labradoodles en ontstond langzamerhand de wens om zelf een nestje te krijgen.<\/p>\n\n\n\n<p>De zoektocht naar een&nbsp;vriendelijke, evenwichtige en leergierige hond&nbsp;waar ik mijn droom mee kon verwezenlijken bracht mij bij&nbsp;de Barbet. Na een paar uur te hebben doorgebracht met twee&nbsp;Barbets&nbsp;was de keuze snel gemaakt!&nbsp;Het werd deze vrolijke krullenbol.<\/p>\n\n\n\n<p>Mijn roedel bestaat uit Jill, Yana, Amber, Noa en Chiara. Jill en Yana zijn&nbsp;Australian&nbsp;Labradoodles&nbsp;en inmiddels senior dames. Amber, Noa en Chiara zijn&nbsp;Barbets en nog heerlijk jong. Amber is geboren op 4 januari 2020. Haar offici\u00eble kennelnaam is Eau de&nbsp;Joie&nbsp;Merci Chocolat de Luxe.&nbsp;Noa is geboren op 18 januari 2022. Haar offici\u00eble kennelnaam is Eau de Joie&nbsp;Fran\u00e7oise&nbsp;Fine Fleur. Chiara is uitgegroeid tot een mooie jonge hond. Haar kennelnaam is Chelsey Stip von der Leibr\u00fccke. Zij is geboren op 23 mei 2023.<\/p>\n\n\n\n<p><\/p>\n<\/div><\/div>\n\n\n<style>.kadence-column1445_c18de9-ee > .kt-inside-inner-col{padding-top:2%;padding-right:10%;padding-bottom:2%;padding-left:10%;}.kadence-column1445_c18de9-ee > .kt-inside-inner-col,.kadence-column1445_c18de9-ee > .kt-inside-inner-col:before{border-top-left-radius:0px;border-top-right-radius:0px;border-bottom-right-radius:0px;border-bottom-left-radius:0px;}.kadence-column1445_c18de9-ee > .kt-inside-inner-col{column-gap:var(--global-kb-gap-sm, 1rem);}.kadence-column1445_c18de9-ee > .kt-inside-inner-col{flex-direction:column;}.kadence-column1445_c18de9-ee > .kt-inside-inner-col > .aligncenter{width:100%;}.kadence-column1445_c18de9-ee > .kt-inside-inner-col{background-color:var(--global-palette1, #3182CE);}.kadence-column1445_c18de9-ee > .kt-inside-inner-col:before{opacity:0.3;}.kadence-column1445_c18de9-ee{position:relative;}@media all and (max-width: 1024px){.kadence-column1445_c18de9-ee > .kt-inside-inner-col{flex-direction:column;justify-content:center;}}@media all and (max-width: 767px){.kadence-column1445_c18de9-ee > .kt-inside-inner-col{flex-direction:column;justify-content:center;}}<\/style>\n<div class=\"wp-block-kadence-column kadence-column1445_c18de9-ee inner-column-1\"><div class=\"kt-inside-inner-col\"><ul class=\"wp-block-kadence-posts kb-posts kadence-posts-list kb-posts-id-1445_9cc4e3-bd content-wrap grid-cols kb-posts-style-boxed grid-sm-col-2 grid-lg-col-3 item-image-style-above\"><li class=\"kb-post-list-item\">\n\t<article class=\"entry content-bg loop-entry post-2868 post type-post status-publish format-standard hentry category-uncategorized\">\n\t\t\t\t<div class=\"entry-content-wrap\">\n\t\t\t<header class=\"entry-header\">\n\t<h6 class=\"entry-title\"><a href=\"https:\/\/www.barbetjoyeux.nl\/?p=2868\" rel=\"bookmark\">Hazel zoekt nog een huisje<\/a><\/h6>\t<div class=\"entry-meta entry-meta-divider-dot\">\n\t<span class=\"posted-by\"><span class=\"meta-label\">Door<\/span><span class=\"author vcard\"><span class=\"fn n\">Lenie Robijn<\/span><\/span><\/span>\t\t\t<span class=\"posted-on\">\n\t\t\t\t<time class=\"entry-date published\" datetime=\"2026-01-02T22:56:30+01:00\">januari 2, 2026<\/time><time class=\"updated\" datetime=\"2026-01-18T19:08:11+01:00\">januari 18, 2026<\/time>\t\t\t<\/span>\n\t\t\t\t<\/div><!-- .entry-meta -->\n\t<\/header><!-- .entry-header -->\n\t<div class=\"entry-summary\">\n\t\t<p>Update: Hazel heeft een prachtig nieuw gezin gevonden waar ze op mag groeien tot een hele lieve en mooie Barbet. Deze&#8230;<\/p>\n\t<\/div><!-- .entry-summary -->\n\t<footer class=\"entry-footer\">\n\t\t\t<div class=\"entry-actions\">\n\t\t\t<p class=\"more-link-wrap\">\n\t\t\t\t<a href=\"https:\/\/www.barbetjoyeux.nl\/?p=2868\" class=\"post-more-link\">\n\t\t\t\t\tLees meer<span class=\"screen-reader-text\"> Hazel zoekt nog een huisje<\/span><span class=\"kadence-svg-iconset svg-baseline\"><svg aria-hidden=\"true\" class=\"kadence-svg-icon kadence-arrow-right-alt-svg\" fill=\"currentColor\" version=\"1.1\" xmlns=\"http:\/\/www.w3.org\/2000\/svg\" width=\"27\" height=\"28\" viewBox=\"0 0 27 28\"><title>Verder gaan<\/title><path d=\"M27 13.953c0 0.141-0.063 0.281-0.156 0.375l-6 5.531c-0.156 0.141-0.359 0.172-0.547 0.094-0.172-0.078-0.297-0.25-0.297-0.453v-3.5h-19.5c-0.281 0-0.5-0.219-0.5-0.5v-3c0-0.281 0.219-0.5 0.5-0.5h19.5v-3.5c0-0.203 0.109-0.375 0.297-0.453s0.391-0.047 0.547 0.078l6 5.469c0.094 0.094 0.156 0.219 0.156 0.359v0z\"><\/path>\n\t\t\t<\/svg><\/span>\t\t\t\t<\/a>\n\t\t\t<\/p>\n\t\t<\/div><!-- .entry-actions -->\n\t\t<\/footer><!-- .entry-footer -->\t\t<\/div>\n\t<\/article>\n<\/li>\n<li class=\"kb-post-list-item\">\n\t<article class=\"entry content-bg loop-entry post-2801 post type-post status-publish format-standard hentry category-uncategorized\">\n\t\t\t\t<div class=\"entry-content-wrap\">\n\t\t\t<header class=\"entry-header\">\n\t<h6 class=\"entry-title\"><a href=\"https:\/\/www.barbetjoyeux.nl\/?p=2801\" rel=\"bookmark\">Puppies Noa en Lex zijn geboren<\/a><\/h6>\t<div class=\"entry-meta entry-meta-divider-dot\">\n\t<span class=\"posted-by\"><span class=\"meta-label\">Door<\/span><span class=\"author vcard\"><span class=\"fn n\">Lenie Robijn<\/span><\/span><\/span>\t\t\t<span class=\"posted-on\">\n\t\t\t\t<time class=\"entry-date published\" datetime=\"2025-10-18T16:02:44+01:00\">oktober 18, 2025<\/time><time class=\"updated\" datetime=\"2025-10-18T16:25:01+01:00\">oktober 18, 2025<\/time>\t\t\t<\/span>\n\t\t\t\t<\/div><!-- .entry-meta -->\n\t<\/header><!-- .entry-header -->\n\t<div class=\"entry-summary\">\n\t\t<p>De puppies van Noa en Lex zijn op 17 oktober &#8217;s avonds geboren: 4 teefjes en 3 reutjes. Na de geboorte&#8230;<\/p>\n\t<\/div><!-- .entry-summary -->\n\t<footer class=\"entry-footer\">\n\t\t\t<div class=\"entry-actions\">\n\t\t\t<p class=\"more-link-wrap\">\n\t\t\t\t<a href=\"https:\/\/www.barbetjoyeux.nl\/?p=2801\" class=\"post-more-link\">\n\t\t\t\t\tLees meer<span class=\"screen-reader-text\"> Puppies Noa en Lex zijn geboren<\/span><span class=\"kadence-svg-iconset svg-baseline\"><svg aria-hidden=\"true\" class=\"kadence-svg-icon kadence-arrow-right-alt-svg\" fill=\"currentColor\" version=\"1.1\" xmlns=\"http:\/\/www.w3.org\/2000\/svg\" width=\"27\" height=\"28\" viewBox=\"0 0 27 28\"><title>Verder gaan<\/title><path d=\"M27 13.953c0 0.141-0.063 0.281-0.156 0.375l-6 5.531c-0.156 0.141-0.359 0.172-0.547 0.094-0.172-0.078-0.297-0.25-0.297-0.453v-3.5h-19.5c-0.281 0-0.5-0.219-0.5-0.5v-3c0-0.281 0.219-0.5 0.5-0.5h19.5v-3.5c0-0.203 0.109-0.375 0.297-0.453s0.391-0.047 0.547 0.078l6 5.469c0.094 0.094 0.156 0.219 0.156 0.359v0z\"><\/path>\n\t\t\t<\/svg><\/span>\t\t\t\t<\/a>\n\t\t\t<\/p>\n\t\t<\/div><!-- .entry-actions -->\n\t\t<\/footer><!-- .entry-footer -->\t\t<\/div>\n\t<\/article>\n<\/li>\n<li class=\"kb-post-list-item\">\n\t<article class=\"entry content-bg loop-entry post-2771 post type-post status-publish format-standard hentry category-uncategorized tag-barbet tag-nestje tag-puppies tag-zwanger\">\n\t\t\t\t<div class=\"entry-content-wrap\">\n\t\t\t<header class=\"entry-header\">\n\t<h6 class=\"entry-title\"><a href=\"https:\/\/www.barbetjoyeux.nl\/?p=2771\" rel=\"bookmark\">Noa is zwanger<\/a><\/h6>\t<div class=\"entry-meta entry-meta-divider-dot\">\n\t<span class=\"posted-by\"><span class=\"meta-label\">Door<\/span><span class=\"author vcard\"><span class=\"fn n\">Lenie Robijn<\/span><\/span><\/span>\t\t\t<span class=\"posted-on\">\n\t\t\t\t<time class=\"entry-date published\" datetime=\"2025-09-16T09:29:06+01:00\">september 16, 2025<\/time><time class=\"updated\" datetime=\"2025-09-16T09:31:54+01:00\">september 16, 2025<\/time>\t\t\t<\/span>\n\t\t\t\t<\/div><!-- .entry-meta -->\n\t<\/header><!-- .entry-header -->\n\t<div class=\"entry-summary\">\n\t\t<p>Vanmorgen een echo laten maken. Ik had al zo&#8217;n vermoeden dat ze zwanger zou zijn, maar nu is het definitief bevestigd&#8230;.<\/p>\n\t<\/div><!-- .entry-summary -->\n\t<footer class=\"entry-footer\">\n\t\t\t<div class=\"entry-actions\">\n\t\t\t<p class=\"more-link-wrap\">\n\t\t\t\t<a href=\"https:\/\/www.barbetjoyeux.nl\/?p=2771\" class=\"post-more-link\">\n\t\t\t\t\tLees meer<span class=\"screen-reader-text\"> Noa is zwanger<\/span><span class=\"kadence-svg-iconset svg-baseline\"><svg aria-hidden=\"true\" class=\"kadence-svg-icon kadence-arrow-right-alt-svg\" fill=\"currentColor\" version=\"1.1\" xmlns=\"http:\/\/www.w3.org\/2000\/svg\" width=\"27\" height=\"28\" viewBox=\"0 0 27 28\"><title>Verder gaan<\/title><path d=\"M27 13.953c0 0.141-0.063 0.281-0.156 0.375l-6 5.531c-0.156 0.141-0.359 0.172-0.547 0.094-0.172-0.078-0.297-0.25-0.297-0.453v-3.5h-19.5c-0.281 0-0.5-0.219-0.5-0.5v-3c0-0.281 0.219-0.5 0.5-0.5h19.5v-3.5c0-0.203 0.109-0.375 0.297-0.453s0.391-0.047 0.547 0.078l6 5.469c0.094 0.094 0.156 0.219 0.156 0.359v0z\"><\/path>\n\t\t\t<\/svg><\/span>\t\t\t\t<\/a>\n\t\t\t<\/p>\n\t\t<\/div><!-- .entry-actions -->\n\t\t<\/footer><!-- .entry-footer -->\t\t<\/div>\n\t<\/article>\n<\/li>\n<li class=\"kb-post-list-item\">\n\t<article class=\"entry content-bg loop-entry post-2703 post type-post status-publish format-standard hentry category-uncategorized tag-barbet tag-barbet-puppies\">\n\t\t\t\t<div class=\"entry-content-wrap\">\n\t\t\t<header class=\"entry-header\">\n\t<h6 class=\"entry-title\"><a href=\"https:\/\/www.barbetjoyeux.nl\/?p=2703\" rel=\"bookmark\">Dekking Noa en Lex<\/a><\/h6>\t<div class=\"entry-meta entry-meta-divider-dot\">\n\t<span class=\"posted-by\"><span class=\"meta-label\">Door<\/span><span class=\"author vcard\"><span class=\"fn n\">Lenie Robijn<\/span><\/span><\/span>\t\t\t<span class=\"posted-on\">\n\t\t\t\t<time class=\"entry-date published\" datetime=\"2025-08-24T09:38:19+01:00\">augustus 24, 2025<\/time><time class=\"updated\" datetime=\"2025-08-24T14:45:36+01:00\">augustus 24, 2025<\/time>\t\t\t<\/span>\n\t\t\t\t<\/div><!-- .entry-meta -->\n\t<\/header><!-- .entry-header -->\n\t<div class=\"entry-summary\">\n\t\t<p>Dinsdag 19 augustus was het zover. Noa (Eau de Joie Fran\u00e7oise Fine Fleur) en Lex (Chausette&#8217;s Rintintin) hebben een liefdevolle ontmoeting&#8230;<\/p>\n\t<\/div><!-- .entry-summary -->\n\t<footer class=\"entry-footer\">\n\t\t\t<div class=\"entry-actions\">\n\t\t\t<p class=\"more-link-wrap\">\n\t\t\t\t<a href=\"https:\/\/www.barbetjoyeux.nl\/?p=2703\" class=\"post-more-link\">\n\t\t\t\t\tLees meer<span class=\"screen-reader-text\"> Dekking Noa en Lex<\/span><span class=\"kadence-svg-iconset svg-baseline\"><svg aria-hidden=\"true\" class=\"kadence-svg-icon kadence-arrow-right-alt-svg\" fill=\"currentColor\" version=\"1.1\" xmlns=\"http:\/\/www.w3.org\/2000\/svg\" width=\"27\" height=\"28\" viewBox=\"0 0 27 28\"><title>Verder gaan<\/title><path d=\"M27 13.953c0 0.141-0.063 0.281-0.156 0.375l-6 5.531c-0.156 0.141-0.359 0.172-0.547 0.094-0.172-0.078-0.297-0.25-0.297-0.453v-3.5h-19.5c-0.281 0-0.5-0.219-0.5-0.5v-3c0-0.281 0.219-0.5 0.5-0.5h19.5v-3.5c0-0.203 0.109-0.375 0.297-0.453s0.391-0.047 0.547 0.078l6 5.469c0.094 0.094 0.156 0.219 0.156 0.359v0z\"><\/path>\n\t\t\t<\/svg><\/span>\t\t\t\t<\/a>\n\t\t\t<\/p>\n\t\t<\/div><!-- .entry-actions -->\n\t\t<\/footer><!-- .entry-footer -->\t\t<\/div>\n\t<\/article>\n<\/li>\n<li class=\"kb-post-list-item\">\n\t<article class=\"entry content-bg loop-entry post-2672 post type-post status-publish format-standard hentry category-uncategorized\">\n\t\t\t\t<div class=\"entry-content-wrap\">\n\t\t\t<header class=\"entry-header\">\n\t<h6 class=\"entry-title\"><a href=\"https:\/\/www.barbetjoyeux.nl\/?p=2672\" rel=\"bookmark\">Amilyn en Leia zoeken een gouden mandje<\/a><\/h6>\t<div class=\"entry-meta entry-meta-divider-dot\">\n\t<span class=\"posted-by\"><span class=\"meta-label\">Door<\/span><span class=\"author vcard\"><span class=\"fn n\">Lenie Robijn<\/span><\/span><\/span>\t\t\t<span class=\"posted-on\">\n\t\t\t\t<time class=\"entry-date published\" datetime=\"2025-08-13T10:42:04+01:00\">augustus 13, 2025<\/time><time class=\"updated\" datetime=\"2025-09-03T08:56:57+01:00\">september 3, 2025<\/time>\t\t\t<\/span>\n\t\t\t\t<\/div><!-- .entry-meta -->\n\t<\/header><!-- .entry-header -->\n\t<div class=\"entry-summary\">\n\t\t<p>Update: Amilyn en Leia hebben allebei een liefdevol thuis gevonden. Puppies Amilyn en Leia zoeken nog een fijn thuis om te&#8230;<\/p>\n\t<\/div><!-- .entry-summary -->\n\t<footer class=\"entry-footer\">\n\t\t\t<div class=\"entry-actions\">\n\t\t\t<p class=\"more-link-wrap\">\n\t\t\t\t<a href=\"https:\/\/www.barbetjoyeux.nl\/?p=2672\" class=\"post-more-link\">\n\t\t\t\t\tLees meer<span class=\"screen-reader-text\"> Amilyn en Leia zoeken een gouden mandje<\/span><span class=\"kadence-svg-iconset svg-baseline\"><svg aria-hidden=\"true\" class=\"kadence-svg-icon kadence-arrow-right-alt-svg\" fill=\"currentColor\" version=\"1.1\" xmlns=\"http:\/\/www.w3.org\/2000\/svg\" width=\"27\" height=\"28\" viewBox=\"0 0 27 28\"><title>Verder gaan<\/title><path d=\"M27 13.953c0 0.141-0.063 0.281-0.156 0.375l-6 5.531c-0.156 0.141-0.359 0.172-0.547 0.094-0.172-0.078-0.297-0.25-0.297-0.453v-3.5h-19.5c-0.281 0-0.5-0.219-0.5-0.5v-3c0-0.281 0.219-0.5 0.5-0.5h19.5v-3.5c0-0.203 0.109-0.375 0.297-0.453s0.391-0.047 0.547 0.078l6 5.469c0.094 0.094 0.156 0.219 0.156 0.359v0z\"><\/path>\n\t\t\t<\/svg><\/span>\t\t\t\t<\/a>\n\t\t\t<\/p>\n\t\t<\/div><!-- .entry-actions -->\n\t\t<\/footer><!-- .entry-footer -->\t\t<\/div>\n\t<\/article>\n<\/li>\n<li class=\"kb-post-list-item\">\n\t<article class=\"entry content-bg loop-entry post-2654 post type-post status-publish format-standard hentry category-uncategorized\">\n\t\t\t\t<div class=\"entry-content-wrap\">\n\t\t\t<header class=\"entry-header\">\n\t<h6 class=\"entry-title\"><a href=\"https:\/\/www.barbetjoyeux.nl\/?p=2654\" rel=\"bookmark\">Puppies 6 weken oud<\/a><\/h6>\t<div class=\"entry-meta entry-meta-divider-dot\">\n\t<span class=\"posted-by\"><span class=\"meta-label\">Door<\/span><span class=\"author vcard\"><span class=\"fn n\">Lenie Robijn<\/span><\/span><\/span>\t\t\t<span class=\"posted-on\">\n\t\t\t\t<time class=\"entry-date published updated\" datetime=\"2025-07-29T19:04:15+01:00\">juli 29, 2025<\/time>\t\t\t<\/span>\n\t\t\t\t<\/div><!-- .entry-meta -->\n\t<\/header><!-- .entry-header -->\n\t<div class=\"entry-summary\">\n\t\t<p>De puppies zijn nu bijna 6 weken oud. Ze wegen nu rond de 3000 gram en gaan langzaam over op vast&#8230;<\/p>\n\t<\/div><!-- .entry-summary -->\n\t<footer class=\"entry-footer\">\n\t\t\t<div class=\"entry-actions\">\n\t\t\t<p class=\"more-link-wrap\">\n\t\t\t\t<a href=\"https:\/\/www.barbetjoyeux.nl\/?p=2654\" class=\"post-more-link\">\n\t\t\t\t\tLees meer<span class=\"screen-reader-text\"> Puppies 6 weken oud<\/span><span class=\"kadence-svg-iconset svg-baseline\"><svg aria-hidden=\"true\" class=\"kadence-svg-icon kadence-arrow-right-alt-svg\" fill=\"currentColor\" version=\"1.1\" xmlns=\"http:\/\/www.w3.org\/2000\/svg\" width=\"27\" height=\"28\" viewBox=\"0 0 27 28\"><title>Verder gaan<\/title><path d=\"M27 13.953c0 0.141-0.063 0.281-0.156 0.375l-6 5.531c-0.156 0.141-0.359 0.172-0.547 0.094-0.172-0.078-0.297-0.25-0.297-0.453v-3.5h-19.5c-0.281 0-0.5-0.219-0.5-0.5v-3c0-0.281 0.219-0.5 0.5-0.5h19.5v-3.5c0-0.203 0.109-0.375 0.297-0.453s0.391-0.047 0.547 0.078l6 5.469c0.094 0.094 0.156 0.219 0.156 0.359v0z\"><\/path>\n\t\t\t<\/svg><\/span>\t\t\t\t<\/a>\n\t\t\t<\/p>\n\t\t<\/div><!-- .entry-actions -->\n\t\t<\/footer><!-- .entry-footer -->\t\t<\/div>\n\t<\/article>\n<\/li>\n<\/ul><\/div><\/div>\n\n\n\n<p><\/p>\n\n\n<style>.kadence-column1445_51fe60-07 > .kt-inside-inner-col,.kadence-column1445_51fe60-07 > .kt-inside-inner-col:before{border-top-left-radius:0px;border-top-right-radius:0px;border-bottom-right-radius:0px;border-bottom-left-radius:0px;}.kadence-column1445_51fe60-07 > .kt-inside-inner-col{column-gap:var(--global-kb-gap-sm, 1rem);}.kadence-column1445_51fe60-07 > .kt-inside-inner-col{flex-direction:column;}.kadence-column1445_51fe60-07 > .kt-inside-inner-col > .aligncenter{width:100%;}.kadence-column1445_51fe60-07 > .kt-inside-inner-col:before{opacity:0.3;}.kadence-column1445_51fe60-07{position:relative;}@media all and (max-width: 1024px){.kadence-column1445_51fe60-07 > .kt-inside-inner-col{flex-direction:column;justify-content:center;}}@media all and (max-width: 767px){.kadence-column1445_51fe60-07 > .kt-inside-inner-col{flex-direction:column;justify-content:center;}}<\/style>\n<div class=\"wp-block-kadence-column kadence-column1445_51fe60-07 inner-column-1\"><div class=\"kt-inside-inner-col\"><\/div><\/div>\n","protected":false},"excerpt":{"rendered":"<p>Barbet Joyeux Barbetkennel van Lenie Robijn Soms heb je een onverwachte vraag nodig om je leven een andere wending te geven. Dat was in mijn geval de vraag: &#8216;Heb je een hond? Dan kun je lekker gaan wandelen en naar buiten gaan.&#8217; Ik had vanwege mijn allergie nog nooit een hond gehad, maar zag het&#8230;<\/p>\n","protected":false},"author":2,"featured_media":0,"parent":0,"menu_order":0,"comment_status":"closed","ping_status":"closed","template":"","meta":{"_kadence_starter_templates_imported_post":true,"_kad_post_transparent":"","_kad_post_title":"hide","_kad_post_layout":"fullwidth","_kad_post_sidebar_id":"","_kad_post_content_style":"unboxed","_kad_post_vertical_padding":"hide","_kad_post_feature":"hide","_kad_post_feature_position":"","_kad_post_header":false,"_kad_post_footer":false,"footnotes":""},"class_list":["post-1445","page","type-page","status-publish","hentry"],"_links":{"self":[{"href":"https:\/\/www.barbetjoyeux.nl\/index.php?rest_route=\/wp\/v2\/pages\/1445","targetHints":{"allow":["GET"]}}],"collection":[{"href":"https:\/\/www.barbetjoyeux.nl\/index.php?rest_route=\/wp\/v2\/pages"}],"about":[{"href":"https:\/\/www.barbetjoyeux.nl\/index.php?rest_route=\/wp\/v2\/types\/page"}],"author":[{"embeddable":true,"href":"https:\/\/www.barbetjoyeux.nl\/index.php?rest_route=\/wp\/v2\/users\/2"}],"replies":[{"embeddable":true,"href":"https:\/\/www.barbetjoyeux.nl\/index.php?rest_route=%2Fwp%2Fv2%2Fcomments&post=1445"}],"version-history":[{"count":178,"href":"https:\/\/www.barbetjoyeux.nl\/index.php?rest_route=\/wp\/v2\/pages\/1445\/revisions"}],"predecessor-version":[{"id":2813,"href":"https:\/\/www.barbetjoyeux.nl\/index.php?rest_route=\/wp\/v2\/pages\/1445\/revisions\/2813"}],"wp:attachment":[{"href":"https:\/\/www.barbetjoyeux.nl\/index.php?rest_route=%2Fwp%2Fv2%2Fmedia&parent=1445"}],"curies":[{"name":"wp","href":"https:\/\/api.w.org\/{rel}","templated":true}]}}